hundreds digit of u(t)?
4
Suppose 32*l + 808427 + 288151 = 50*l. What is the ten thousands digit of l?
6
Suppose -2*m = f - 74708, -4*m + 68700 = -f - 80704. What is the hundreds digit of (-6)/5 - m/(-35)?
0
What is the hundreds digit of (5/3 - 1)/((60/(-221895))/(-2))?
9
Let l = 12298 - 4450. What is the thousands digit of l?
7
Suppose 4*w + 3 = -9, 0 = -h + 4*w - 20. Let f = 43 - h. What is the tens digit of f?
7
Let z = 45 + -26. Suppose -z = -v - 16. Let h = 55 + v. What is the units digit of h?
8
Let z(o) = 7*o**3 + 9*o**2 - 2*o - 9. Suppose -4*d = 3*f - 28, -2*f - d - 2*d = -20. What is the hundreds digit of z(f)?
5
Let d = 10670 - 6217. What is the hundreds digit of d?
4
Suppose 0 = 70*t - 63*t - 17787. Suppose -3*j + t = -477. What is the units digit of j?
6
Let n(v) = 57*v + 875. What is the units digit of n(94)?
3
Let q = -1 - -2. Let n(h) = 3*h**3 - h + 1. Let o be n(q). Suppose -o*a + 96 = -0. What is the tens digit of a?
3
Suppose -35*y - 153673 + 679653 = 0. What is the ten thousands digit of y?
1
Let g = -44 - -50. Let n be 2/g - (-5436)/54. Let t = 9 + n. What is the tens digit of t?
1
Suppose -3*k = -3*b + 34752, 45*b - 48*b + 6*k + 34767 = 0. What is the thousands digit of b?
1
Suppose 0 = -6*m + 9*m - 3. Suppose m = 2*n - 5. Suppose -g + n*g - 144 = -2*i, -g = 2*i - 149. What is the units digit of i?
7
Suppose -149*z - 33*z + 228956 = 0. What is the hundreds digit of z?
2
Suppose 5*x + 4*h = 104659, -x + 10*h - 8*h + 20915 = 0. What is the ten thousands digit of x?
2
Let s(n) = 1269*n**2 + 11*n - 154. What is the hundreds digit of s(-5)?
5
Suppose 338 = -2*u + 1248. Let k = 942 - u. What is the tens digit of k?
8
Let k = -160267 - -249523. What is the ten thousands digit of k?
8
Suppose 5*w - 47734 = -4*t + 7*w, -3*t - 4*w = -35828. What is the hundreds digit of t?
9
Suppose s - 2*s = 5*t + 19, -s + 5*t = -21. Suppose -r + 5*c - 4*c = -s, 0 = 3*r + 4*c - 24. What is the hundreds digit of r - (2 - 4 - -3) - -142?
1
Let g(h) = 6*h**2 + h - 1. Let u be g(12). Let v be (-1)/(3 + u/(-290)). What is the units digit of v/3*42/14?
8
Suppose s = 5*s + 20. Let c = s + 8. Suppose c*o + 105 = 6*o. What is the tens digit of o?
3
Let r(i) = 3*i - 12. Let t be r(10). Suppose 825 = -17*s + t*s. What is the units digit of s?
5
Suppose -3*u + 7 = -2. Suppose 59 = u*k + 86. What is the units digit of (218/(-3) - 0)/(6/k)?
9
Suppose c - 4 = 8. Let w be ((-32)/c)/((-8)/12). Suppose -w = -5*t + 1, 0 = 4*k + 3*t - 271. What is the units digit of k?
7
Let g = 2997 - 838. Let w = -846 + g. What is the tens digit of w?
1
Let b(s) be the third derivative of -4*s**2 - 2/3*s**3 - 1/60*s**6 + 1/24*s**4 + 0 + 0*s + 1/15*s**5. What is the units digit of b(-3)?
3
Suppose -4*t + 40 = -2*z, 50 = -3*z + t + 3*t. Let g(x) = 27*x - 81. Let a(y) = -14*y + 40. Let o(q) = 5*a(q) + 2*g(q). What is the units digit of o(z)?
8
Let q be 0/(6 + -4 - 4). Suppose -d + 6*d + 4*h - 241 = q, 143 = 3*d + 2*h. What is the units digit of d?
5
Let y(p) = 232*p - 6849. What is the thousands digit of y(139)?
5
Let g be 24/(-16) + (-1986)/(-4). Suppose 0 = -s + m + 576, -m + g = 2*s - 663. What is the units digit of s?
8
Let s = 226 - -2174. Suppose 5*d - 3*b = s, -d + 5*b + 368 = -112. What is the tens digit of d?
8
Let q = 124344 - 76215. What is the tens digit of q?
2
Let i(x) = 7*x + 28. Let h be i(-4). Suppose h = -12*z - 36 - 60. What is the units digit of (1 - z/(-10)) + (-1482)/(-65)?
3
Suppose f + 2*x - 2671 = 0, -3*f + 5521 = 3*x - 2483. What is the hundreds digit of f?
6
Let d(g) = 78*g**2 + g + 1. Let t be d(-1). Let z = 270 - t. Suppose r - z = -5*r. What is the units digit of r?
2
Suppose 3*n - 5*a + 9 = 0, 5*a + 0*a - 21 = -3*n. Suppose 0 = 6*t + 14 - n. What is the tens digit of (t - (-1 + (-6 - -4)))*106?
0
Let u = -96 + 92. Let t(y) = -13*y - 31. Let r be t(u). What is the tens digit of 670/7 - (2 - 48/r)?
9
Let c(a) = 11*a**2 + 59*a - 2. What is the units digit of c(5)?
8
Let x(s) be the first derivative of 3*s**3 - 9*s**2 - 47*s - 160. What is the units digit of x(-6)?
5
Suppose -4*f + 5*s + 42759 = 0, 4*s - 1 = 19. What is the thousands digit of f?
0
Let p(i) = 24*i - 417. Let k be p(58). Suppose -o - 5 = 0, -h = -4*o - k - 695. What is the hundreds digit of h?
6
Suppose 106*u - 502809 = 261451. What is the units digit of u?
0
Let a = -20479 - -29108. What is the tens digit of a?
2
What is the thousands digit of ((-55785)/(-75) + -11)/((8/(-5))/(-4))?
1
Let o = -34 - -12. Let y be (-1 - 3*-1)*o/4. What is the units digit of (y - 1)/(9/(-60)) - -2?
2
Suppose -7*y - 4*j = -6*y - 26, -y + j = -11. Suppose 173 = -y*u + 579. What is the tens digit of u?
2
Let z(i) = 165*i - 203. Let u(x) = -18*x - 29. Let l be u(-2). What is the tens digit of z(l)?
5
Let g(d) = 8*d**2 - 7*d + 53. Suppose y + 4*y + 12 = -2*h, 5*h + 3*y + 49 = 0. What is the units digit of g(h)?
8
Let j = 16193 - 7439. What is the tens digit of j?
5
Suppose 6*s = 11*s - 4*q - 21948, -5*q = 2*s - 8799. Suppose -13*z + s = -6190. What is the tens digit of z?
1
Let s = 3296 - 1879. What is the thousands digit of s?
1
What is the units digit of 9547 + (38 - 34)/((-1)/(-2))?
5
Let k(d) = -503*d**3 - 4*d**2 - 41*d - 82. What is the tens digit of k(-2)?
0
Let z(a) = -4*a - 7. Let x be z(-4). Let k(p) = 13 - 5 - x - 28*p - 2. What is the tens digit of k(-2)?
5
Let u(o) = 3*o + 12. Let v be u(-3). Suppose -k + 2*k = v*s - 43, -s = -k - 13. What is the hundreds digit of 1787/s + -5 + (-4)/30?
1
Let n = -22820 - -40157. What is the units digit of n?
7
Let r be (-4 - 114/(-24)) + (-442)/(-8). Suppose -24 = -5*x + r. Let h(g) = g**3 - 17*g**2 + 21*g - 39. What is the tens digit of h(x)?
4
Let x = 615 + -287. Let q = x - 199. What is the units digit of q?
9
Let t = 416 - 380. What is the units digit of (-15*32/t)/(2/(-60))?
0
Let r = -23 + 26. Let v be (2 - 5)*(-3)/(-9) + r. Let a(d) = 13*d**3 - 5*d**2 + 3*d - 4. What is the units digit of a(v)?
6
Suppose 3*o + 2*u = 6690, -58*o + 55*o = -u - 6699. What is the tens digit of -15*2/4*o/(-155)?
0
Suppose -5*y - 23522 = -4*h, -3*h - 8*y = -3*y - 17659. What is the thousands digit of h?
5
Let c(f) = -f**3 - 4*f**2 - 4*f - 1. Let v be c(-3). Suppose 8*s + 216 = 3*k + 9*s, 4*k = -5*s + 288. Suppose v*w = -0*w + k. What is the units digit of w?
6
Let v(m) = m - 6*m - 2*m - 3*m + 110. What is the units digit of v(-14)?
0
Let i = 67 + -59. Let m = i - -101. What is the hundreds digit of m?
1
What is the thousands digit of ((-2310)/14)/(6/(-426))?
1
Let h = -4961 - -12027. What is the thousands digit of h?
7
Let p be (0 - (0 - -1))*13. Let r(l) = 2*l + 0*l + 10 + 2*l - 3*l + 11. What is the units digit of r(p)?
8
Let r(a) = 2330*a + 5323. What is the tens digit of r(19)?
9
Suppose 2*n + 5*f + 2 = 3*n, 0 = -2*n + 3*f - 3. Let s be n + (-1)/((-1)/3) + 2. Suppose -r = 0, 2*a + r = -s*a + 404. What is the tens digit of a?
0
Suppose -f - o = -43653, 10139*o - 10140*o = -3*f + 130959. What is the units digit of f?
3
What is the thousands digit of (-1)/((11/(-187))/(3265/5))?
1
Suppose -4*b - 2*l = -97344, 0 = 77*b - 81*b - 4*l + 97344. What is the thousands digit of b?
4
Suppose -23*y - 4*y = -108. Suppose -y*w + 4*g + g + 748 = 0, 0 = -w + g + 186. What is the units digit of w?
2
Let i = 37 + -13. Let g = i + -14. What is the units digit of (-260)/6*(-12)/g?
2
Let s = 2274 - -1534. Let x = -2257 + s. What is the thousands digit of x?
1
Suppose 0 = 4*m + 3*d + 169, 2*m - 21 = 3*m + 5*d. What is the units digit of 1*(-1 - 2)*4094/m?
7
Let p(a) = 16*a + 6. Let d be p(0). Suppose -4*s + 5*v - 46 = 0, 5*s - 4*v = d*s + 1. Let n(u) = 2*u**2 + 15*u - 10. What is the tens digit of n(s)?
1
Let l = -17 + 17. Suppose 3*o + l = 27. Suppose o*h - 4*h - 140 = 0. What is the units digit of h?
8
Let n(o) be the second derivative of 7/3*o**4 + 2*o**2 + 0 - 2/3*o**3 - 15*o. What is the hundreds digit of n(2)?
1
Suppose 4*a + 12 - 84 = 0. Suppose n - 587 = -46*n + 24. Suppose 0 = n*w - a*w + 290. What is the tens digit of w?
5
Suppose -b + 4*m - 32 = 3*b, 12 = b + 3*m. Suppose -j - 3 = 3*o, -3*o + 5*o + 3*j = 5. What is the tens digit of (-291)/o + b/(-6)?
4
Let w(g) = 36*g**2 + 5*g + 13. Suppose a = -5*c - 0 - 13, 4*a = -2*c + 2. What is the tens digit of w(c)?
2
Suppose 0 = v - 3*j + 22195 - 7